ivided by 101.
94
Calculate the remainder when 32855698 is divided by 359.
18
What is the remainder when 1322022 is divided by 1763?
1535
Calculate the remainder when 898603 is divided by 27967.
3659
Calculate the remainder when 617625 is divided by 26.
21
Calculate the remainder when 206196 is divided by 537.
525
What is the remainder when 1037177 is divided by 37027?
421
What is the remainder when 586794 is divided by 15046?
0
Calculate the remainder when 22599497 is divided by 4722.
5
Calculate the remainder when 469205 is divided by 182.
9
Calculate the remainder when 38185092 is divided by 177.
174
What is the remainder when 227877603 is divided by 138?
135
Calculate the remainder when 18400760 is divided by 1081.
1059
Calculate the remainder when 53103 is divided by 26172.
759
What is the remainder when 5359038 is divided by 2329?
9
Calculate the remainder when 173370 is divided by 382.
324
Calculate the remainder when 15116109 is divided by 297.
294
Calculate the remainder when 159576814 is divided by 53192269.
7
Calculate the remainder when 20963 is divided by 4174.
93
What is the remainder when 74090 is divided by 229?
123
Calculate the remainder when 599302 is divided by 599117.
185
What is the remainder when 20472899 is divided by 1077521?
0
Calculate the remainder when 84280 is divided by 84265.
15
Calculate the remainder when 404298 is divided by 201527.
1244
Calculate the remainder when 32712586 is divided by 3634722.
88
Calculate the remainder when 1858316 is divided by 435.
431
What is the remainder when 24166 is divided by 11910?
346
Calculate the remainder when 662527 is divided by 140.
47
Calculate the remainder when 531821 is divided by 265897.
27
What is the remainder when 45216337 is divided by 11304082?
9
What is the remainder when 89471559 is divided by 2631516?
15
What is the remainder when 62728210 is divided by 25?
10
What is the remainder when 4141945 is divided by 153400?
145
Calculate the remainder when 905273 is divided by 767.
213
Calculate the remainder when 39321857 is divided by 56.
1
Calculate the remainder when 32116973 is divided by 8.
5
Calculate the remainder when 317877263 is divided by 724.
719
What is the remainder when 2170513 is divided by 144700?
13
Calculate the remainder when 3852109 is divided by 574.
569
What is the remainder when 319472 is divided by 422?
18
What is the remainder when 1909 is divided by 1507?
402
Calculate the remainder when 361546 is divided by 120506.
28
Calculate the remainder when 28331 is divided by 1254.
743
Calculate the remainder when 75933573 is divided by 846.
843
Calculate the remainder when 905956 is divided by 47681.
17
Calculate the remainder when 135755 is divided by 67623.
509
Calculate the remainder when 17174 is divided by 73.
19
What is the remainder when 951513233 is divided by 20?
13
Calculate the remainder when 518623 is divided by 1553.
1474
What is the remainder when 14714913 is divided by 326998?
3
What is the remainder when 1172893 is divided by 3065?
2063
What is the remainder when 52524 is divided by 51?
45
What is the remainder when 45243868 is divided by 3327?
3322
What is the remainder when 2620347 is divided by 218361?
15
Calculate the remainder when 734113 is divided by 2245.
2243
What is the remainder when 5510698 is divided by 135?
133
Calculate the remainder when 416233 is divided by 1249.
316
Calculate the remainder when 26536046 is divided by 806.
108
Calculate the remainder when 184064891 is divided by 32.
27
What is the remainder when 7522552 is divided by 3761249?
54
What is the remainder when 14642201 is divided by 2?
1
Calculate the remainder when 1834750 is divided by 329.
246
What is the remainder when 1036711 is divided by 79711?
468
What is the remainder when 3958135 is divided by 191?
42
Calculate the remainder when 323794 is divided by 5059.
18
What is the remainder when 29190369 is divided by 1249?
1239
What is the remainder when 1262833 is divided by 346?
279
What is the remainder when 168897 is divided by 1155?
267
What is the remainder when 106272 is divided by 1126?
428
What is the remainder when 18321759 is divided by 81430?
9
Calculate the remainder when 5210 is divided by 1613.
371
Calculate the remainder when 151138 is divided by 50344.
106
Calculate the remainder when 70196188 is divided by 22.
18
Calculate the remainder when 9937615 is divided by 135.
130
What is the remainder when 45990 is divided by 45046?
944
What is the remainder when 282037 is divided by 855?
742
What is the remainder when 28624355 is divided by 50933?
9
What is the remainder when 129128687 is divided by 27?
26
What is the remainder when 24330247 is divided by 2273?
55
What is the remainder when 2994511 is divided by 404?
63
What is the remainder when 1872360 is divided by 187232?
40
What is the remainder when 4512265 is divided by 279?
277
Calculate the remainder when 567857 is divided by 5357.
15
What is the remainder when 1895288776 is divided by 8030?
8026
What is the remainder when 167195321 is divided by 14?
13
Calculate the remainder when 60811374 is divided by 10135226.
18
Calculate the remainder when 10826857 is divided by 9.
1
What is the remainder when 5442575 is divided by 1141?
5
What is the remainder when 1020372 is divided by 1228?
1132
Calculate the remainder when 21827 is divided by 10213.
1401
What is the remainder when 46151 is divided by 6489?
728
Calculate the remainder when 155718 is divided by 155592.
126
Calculate the remainder when 1121582 is divided by 858.
176
What is the remainder when 24758695 is divided by 115?
0
Calculate the remainder when 22166 is divided by 21590.
576
Calculate the remainder when 16254872 is divided by 12523.
18
What is the remainder when 697778 is divided by 32?
18
Calculate the remainder when 3842945 is divided by 960731.
21
Calculate the remainder when 1470912 is divided by 349.
226
Calculate the remainder when 44263688 is divided by 10.
8
Calculate the remainder when 213278419 is divided by 11139.
11125
What is the remainder when 667263 is divided by 6234?
225
What is the remainder when 64674111 is divided by 412?
411
What is the remainder when 10673835 is divided by 3431?
3425
What is the remainder when 206515 is divided by 69?
67
What is the remainder when 118887 is divided by 205?
192
Calculate the remainder when 644287 is divided by 2619.
13
Calculate the remainder when 480054 is divided by 208.
198
Calculate the remainder when 228107 is divided by 4116.
1727
What is the remainder when 4546 is divided by 1054?
330
Calculate the remainder when 63898 is divided by 3187.
158
What is the remainder when 310517 is divided by 567?
368
Calculate the remainder when 1936703 is divided by 129100.
203
What is the remainder when 1048662 is divided by 58257?
36
Calculate the remainder when 188879352 is divided by 177.
174
What is the remainder when 534367 is divided by 207?
100
What is the remainder when 15140878 is divided by 142?
128
What is the remainder when 20550574 is divided by 3425095?
4
Calculate the remainder when 197334 is divided by 234.
72
Calculate the remainder when 9894987 is divided by 581.
557
What is the remainder when 390970 is divided by 78151?
215
What is the remainder when 31658536 is divided by 728?
0
Calculate the remainder when 984241 is divided by 1071.
1063
Calculate the remainder when 181684200 is divided by 281.
278
Calculate the remainder when 13831990 is divided by 49.
25
What is the remainder when 190990 is divided by 95063?
864
What is the remainder when 26058250 is divided by 668160?
10
Calculate the remainder when 36036 is divided by 3927.
693
Calculate the remainder when 3368750 is divided by 8339.
8133
What is the remainder when 70239445 is divided by 1755986?
5
Calculate the remainder when 1000452 is divided by 1177.
2
What is the remainder when 237788 is divided by 102?
26
Calculate the remainder when 806277 is divided by 20156.
37
Calculate the remainder when 66089 is divided by 66020.
69
Calculate the remainder when 3432091 is divided by 209.
102
What is the remainder when 12964 is divided by 261?
175
What is the remainder when 3157 is divided by 1429?
299
Calculate the remainder when 28097 is divided by 1722.
545
Calculate the remainder when 390482 is div